?
28
Calculate the highest common divisor of 37019310 and 492.
246
Calculate the greatest common divisor of 3489 and 2370194.
1163
Calculate the highest common divisor of 212929 and 1032198.
71
What is the highest common divisor of 3290 and 1210195?
35
Calculate the greatest common factor of 5455330 and 10.
10
What is the greatest common divisor of 972 and 1306908?
108
What is the highest common divisor of 3116784 and 253?
11
What is the greatest common factor of 46090611 and 336?
21
Calculate the highest common factor of 106507666 and 28622.
2602
What is the greatest common divisor of 9424 and 19984?
16
Calculate the greatest common factor of 89467147 and 14911.
1147
What is the greatest common divisor of 29776732 and 28?
4
What is the highest common divisor of 4044 and 956069?
337
Calculate the greatest common divisor of 612 and 12089788.
68
What is the highest common factor of 33948 and 1951872?
276
Calculate the greatest common divisor of 140 and 1632849470.
70
What is the greatest common divisor of 65431357 and 1282?
641
What is the greatest common factor of 771342 and 72943?
403
Calculate the highest common factor of 10905076 and 1196.
52
What is the highest common divisor of 5488520 and 20?
20
Calculate the highest common divisor of 6412686 and 516.
6
Calculate the highest common factor of 1184 and 31196624.
592
Calculate the greatest common divisor of 115980210 and 438.
438
Calculate the greatest common divisor of 3699032 and 136.
8
Calculate the highest common factor of 38569384 and 119400.
1592
What is the greatest common divisor of 1128186 and 36046?
538
Calculate the highest common divisor of 141423472 and 61124.
8732
Calculate the highest common factor of 442723 and 2637.
293
Calculate the highest common divisor of 1166 and 353320.
22
Calculate the highest common divisor of 980 and 7188.
4
Calculate the highest common factor of 26259112 and 28.
4
Calculate the highest common factor of 2334 and 2803058145.
1167
Calculate the greatest common factor of 19893 and 1771524.
1047
Calculate the highest common factor of 1621649 and 3676563.
12379
What is the greatest common factor of 406370 and 3600?
10
Calculate the highest common factor of 79059 and 966885.
219
What is the highest common divisor of 3340162 and 532?
266
Calculate the greatest common factor of 50 and 1334205025.
25
Calculate the greatest common factor of 2046 and 8702754.
186
What is the greatest common divisor of 784944 and 544?
16
What is the highest common factor of 556950 and 1676490?
1410
What is the highest common factor of 164086125 and 680?
85
Calculate the highest common divisor of 120 and 1003305.
15
Calculate the greatest common divisor of 6990 and 102390.
30
Calculate the highest common factor of 1923782 and 6104.
14
Calculate the greatest common factor of 30534912 and 16.
16
Calculate the highest common factor of 66368 and 43884864.
3904
Calculate the highest common divisor of 85 and 343881695.
85
Calculate the highest common factor of 40 and 29296528.
8
Calculate the highest common divisor of 264 and 194406.
6
What is the highest common divisor of 192 and 390561696?
96
Calculate the greatest common divisor of 10 and 135576615.
5
What is the greatest common divisor of 89110494 and 6270?
1254
Calculate the highest common factor of 312 and 4181125.
13
Calculate the highest common divisor of 70 and 78616280.
10
What is the highest common factor of 3496 and 327349271?
437
What is the highest common factor of 45659871 and 2862?
477
What is the highest common divisor of 1938 and 24668904?
102
Calculate the greatest common factor of 755 and 1441597.
151
What is the greatest common divisor of 247056810 and 2470?
2470
Calculate the highest common divisor of 19691 and 5398147.
2813
What is the highest common divisor of 123532 and 115204?
1388
Calculate the greatest common factor of 123 and 25895395.
41
What is the greatest common factor of 43 and 5536829?
1
Calculate the greatest common divisor of 84600 and 14085.
45
Calculate the greatest common factor of 11414 and 595790.
26
What is the highest common divisor of 261047435 and 55?
55
Calculate the greatest common divisor of 11594 and 710974.
374
Calculate the greatest common divisor of 17492595 and 144960.
2265
Calculate the highest common divisor of 58123308 and 348.
348
Calculate the highest common factor of 59 and 30162275.
59
What is the highest common factor of 118835019 and 408744?
7299
What is the greatest common divisor of 29607 and 387393?
417
Calculate the greatest common divisor of 51 and 36498524.
17
Calculate the highest common factor of 19799 and 36283.
13
What is the greatest common factor of 246 and 2978199?
123
What is the greatest common divisor of 1255503 and 4570755?
1293
Calculate the highest common divisor of 4992 and 40623360.
384
Calculate the greatest common factor of 94403 and 4770874.
1409
What is the highest common divisor of 400332 and 446946?
2742
What is the greatest common factor of 12083660 and 1527?
509
Calculate the highest common factor of 4230773 and 289.
17
Calculate the greatest common factor of 3818 and 506134.
166
What is the highest common divisor of 200 and 19387825?
25
Calculate the greatest common divisor of 3302447 and 42858.
2381
Calculate the greatest common divisor of 11614182 and 27.
3
Calculate the highest common divisor of 357 and 513335451.
51
What is the highest common divisor of 29374696 and 49036?
2132
Calculate the greatest common factor of 460910 and 130.
10
What is the greatest common factor of 2717 and 2805946?
143
Calculate the greatest common factor of 100 and 135873100.
100
What is the greatest common divisor of 96 and 66872?
8
Calculate the highest common factor of 38868 and 91676.
164
Calculate the highest common divisor of 135 and 115404210.
135
What is the greatest common divisor of 425466 and 1728?
54
Calculate the highest common divisor of 85884876 and 21.
21
Calculate the highest common divisor of 216 and 1117568.
8
Calculate the highest common factor of 18906570 and 1126295.
12655
Calculate the highest common divisor of 73771859 and 1659.
553
What is the highest common factor of 36316860 and 31860?
3540
What is the highest common factor of 22809892 and 2030?
406
Calculate the highest common factor of 946 and 4191847.
11
What is the greatest common divisor of 47158 and 428944?
646
What is the greatest common divisor of 30011674 and 371?
371
Calculate the highest common divisor of 162679260 and 60.
60
Calculate the greatest common divisor of 1424 and 30564736.
1424
What is the greatest common factor of 126224 and 7873544?
1288
What is the highest common factor of 1186867 and 6248?
11
Calculate the greatest common divisor of 1700 and 67285150.
850
What is the highest common divisor of 281435 and 2424829?
187
What is the greatest common factor of 2182554 and 278142?
906
What is the highest common divisor of 4593666 and 488?
122
What is the highest common factor of 363524927 and 254?
127
What is the greatest common divisor of 19 and 2512579?
19
What is the greatest common divisor of 9953620 and 11496?
1916
Calculate the greatest common divisor of 40207 and 33.
1
What is the highest common divisor of 5 and 162317585?
5
What is the highest common divisor of 1078290 and 72270?
90
What is the highest common divisor of 14194 and 15654854?
94
Calculate the greatest common factor of 536 and 26581245.
67
What is the highest common factor of 1871046 and 54324?
54
What is the highest common divisor of 2369899 and 19837?
83
What is the highest common factor of 492124 and 272?
4
Calculate the highest common divisor of 17155632 and 27056.
304
What is the greatest common factor of 267887237 and 4827?
1609
Calculate the greatest common divisor of 101 and 159630702.
101
Calculate the highest common divisor of 266664 and 2232819.
123
Calculate the greatest common divisor of 1183432 and 5162.
58
What is the highest common factor of 12 and 30440604?
12
What is the greatest common divisor of 53080 and 60?
20
What is the highest common divisor of 363 and 844437?
33
Calculate the greatest common factor of 9544178 and 28.
14
Calculate the greatest common divisor of 495 and 130472793.
99
Calculate the highest common factor of 6866 and 839.
1
Calculate the greatest common f